 is the highest common factor of 318401 and 93?
31
What is the highest common factor of 2 and 866639?
1
What is the highest common divisor of 1713536 and 352?
352
Calculate the greatest common divisor of 348 and 6699.
87
Calculate the greatest common factor of 7370 and 935.
55
What is the greatest common divisor of 16655 and 10?
5
Calculate the highest common divisor of 72410 and 1430.
130
What is the highest common divisor of 9541 and 204827?
203
Calculate the greatest common factor of 18 and 240768.
18
What is the greatest common divisor of 9 and 11805?
3
What is the highest common factor of 20172 and 19844?
164
Calculate the greatest common factor of 17286 and 66.
6
What is the highest common divisor of 2079 and 4224?
33
What is the greatest common factor of 356088 and 1332?
444
Calculate the highest common divisor of 18 and 282570.
6
Calculate the greatest common factor of 115794 and 1530.
18
Calculate the greatest common divisor of 12 and 51909.
3
What is the greatest common factor of 150895 and 12360?
515
Calculate the highest common divisor of 21814 and 858.
26
What is the greatest common factor of 527 and 1261111?
527
What is the highest common divisor of 61709 and 46?
23
Calculate the highest common factor of 98 and 127792.
98
What is the highest common divisor of 108 and 362664?
108
Calculate the greatest common factor of 326 and 173921.
163
What is the highest common divisor of 36133 and 1?
1
What is the highest common factor of 14704 and 1?
1
Calculate the greatest common divisor of 4326 and 3486.
42
What is the highest common divisor of 1077762 and 7?
7
Calculate the highest common factor of 136 and 35734.
34
What is the greatest common factor of 2130065 and 105?
35
Calculate the highest common factor of 141352 and 16.
8
Calculate the highest common divisor of 1395 and 91295.
155
Calculate the highest common divisor of 11746 and 406.
14
Calculate the highest common divisor of 194 and 303998.
194
Calculate the highest common divisor of 1386 and 47322.
198
What is the greatest common factor of 120 and 129192?
24
What is the greatest common divisor of 258399 and 18?
9
What is the highest common factor of 7870 and 3790?
10
What is the greatest common factor of 85679 and 44?
11
What is the greatest common divisor of 100 and 191050?
50
What is the highest common factor of 196859 and 152?
19
Calculate the greatest common factor of 6876 and 24.
12
Calculate the highest common factor of 23 and 754653.
23
Calculate the greatest common factor of 1464 and 120.
24
What is the highest common factor of 2177 and 985559?
311
What is the greatest common factor of 3264 and 26673?
51
Calculate the greatest common factor of 1955 and 17.
17
Calculate the greatest common factor of 906 and 226349.
151
Calculate the greatest common factor of 437 and 3173.
19
What is the greatest common factor of 1079206 and 174?
58
What is the greatest common divisor of 34 and 364905?
17
Calculate the greatest common divisor of 19044 and 8496.
36
What is the highest common factor of 54 and 201906?
54
What is the highest common divisor of 17453 and 155?
31
Calculate the greatest common factor of 875 and 605325.
175
What is the highest common divisor of 30 and 42240?
30
What is the greatest common factor of 160 and 3953568?
32
Calculate the greatest common divisor of 15039 and 9469.
557
Calculate the highest common divisor of 625 and 59975.
25
What is the greatest common factor of 5852 and 75772?
76
Calculate the highest common factor of 838 and 1999468.
838
Calculate the highest common divisor of 276 and 219489.
69
Calculate the greatest common factor of 408 and 53176.
136
What is the highest common factor of 2403 and 15633?
27
What is the greatest common divisor of 18847 and 282?
47
Calculate the greatest common factor of 15708 and 693.
231
Calculate the greatest common divisor of 6351030 and 21.
21
Calculate the highest common divisor of 636723 and 36.
9
What is the greatest common factor of 11537 and 233659?
139
Calculate the greatest common factor of 1360 and 11152.
272
What is the highest common divisor of 3580 and 3620?
20
Calculate the greatest common factor of 2295 and 825435.
765
Calculate the greatest common divisor of 364 and 784147.
91
Calculate the highest common divisor of 11070 and 82.
82
Calculate the greatest common divisor of 27 and 1431297.
27
Calculate the highest common divisor of 1772 and 1956.
4
What is the highest common factor of 20406 and 399?
57
What is the greatest common divisor of 133 and 11324?
19
What is the greatest common divisor of 89 and 3293?
89
What is the highest common divisor of 113 and 50059?
113
Calculate the highest common divisor of 38691 and 135.
27
Calculate the highest common factor of 141 and 4277.
47
What is the greatest common divisor of 36393 and 924?
21
What is the greatest common factor of 33102 and 504?
18
What is the greatest common divisor of 47286 and 10656?
666
Calculate the highest common factor of 273 and 109759.
13
What is the greatest common divisor of 63 and 231408?
9
What is the highest common divisor of 17408 and 1054?
34
Calculate the highest common divisor of 286236 and 126.
18
What is the greatest common divisor of 378 and 14154?
42
What is the highest common divisor of 36 and 4165974?
18
Calculate the greatest common factor of 16215 and 207.
69
Calculate the greatest common factor of 565 and 174924.
113
Calculate the highest common factor of 98776 and 432.
8
What is the greatest common divisor of 12636 and 5252?
52
Calculate the highest common divisor of 112 and 42392.
56
What is the greatest common divisor of 216 and 6912?
216
Calculate the highest common factor of 42 and 60627.
21
Calculate the greatest common factor of 3662463 and 238.
119
What is the greatest common factor of 11327 and 47?
47
Calculate the greatest common factor of 143 and 224367.
143
What is the highest common divisor of 25727 and 533?
13
What is the greatest common divisor of 72046 and 1292?
34
Calculate the highest common divisor of 2241 and 3915.
27
Calculate the greatest common divisor of 86983 and 13.
13
Calculate the highest common factor of 215 and 42097.
43
What is the highest common factor of 482554 and 148?
74
What is the greatest common factor of 316734 and 990?
66
What is the greatest common factor of 5174 and 33241?
13
Calculate the highest common factor of 393295 and 21.
7
What is the greatest common factor of 99868 and 16?
4
Calculate the greatest common divisor of 8 and 54956.
4
Calculate the greatest common divisor of 24240 and 6.
6
Calculate the greatest common divisor of 48 and 44172.
12
Calculate the highest common divisor of 73931 and 13.
13
What is the greatest common factor of 18827 and 843?
281
Calculate the greatest common divisor of 396732 and 84.
84
Calculate the greatest common factor of 32 and 1639496.
8
Calculate the highest common factor of 9339 and 66.
33
What is the greatest common divisor of 27694 and 305?
61
What is the highest common factor of 1264628 and 19632?
1636
Calculate the highest common factor of 98 and 5978.
98
What is the highest common factor of 10008 and 648?
72
What is the highest common divisor of 13 and 355381?
13
Calculate the highest common factor of 2416287 and 57.
57
What is the greatest common divisor of 9 and 354?
3
What is the greatest common factor of 16566 and 7590?
66
What is the highest common factor of 1488 and 74028?
372
What is the greatest common divisor of 1072 and 3664?
16
Calculate the greatest common factor of 22119 and 40602.
303
What is the highest common divisor of 29711 and 792?
11
Calculate the greatest common divisor of 406 and 2030.
406
What is the greatest common factor of 198 and 2816?
22
What is the highest common factor of 6191 and 7380?
41
What is the greatest common factor of 5789 and 644?
7
Calculate the highest common divisor of 1056 and 939444.
132
What is the highest common divisor of 219003 and 74?
37
Calculate the greatest common factor of 70 and 209930.
70
Calculate the highest common factor of 154 and 86464.
14
What is the greatest common factor of 4686 and 3564?
66
What is the highest common factor of 378 and 35199?
9
Calculate the highest common divisor of 3492975 and 15.
15
What is the highest common divisor of 33176 and 13312?
104
Wh